= -193 - i. List the prime factors of l.
97
Let w be 2*2/8*6. Let t(r) = -4*r**2 + 8*r - 8. Let v(a) = a - 1. Let l(y) = -t(y) + 3*v(y). What are the prime factors of l(w)?
2, 13
Let n = -1879 + 11165. What are the prime factors of n?
2, 4643
Let l = 1 + 47. Let r be l/56*(-14)/(-3). Suppose -g + 3*q + 321 = 2*g, -r*g + 413 = q. List the prime factors of g.
2, 13
Suppose -286 = 4*k + x, 5*k + 3*x = 8*x - 370. Let v be ((-27)/(-4))/3 - (-18)/k. Suppose a = -7*z + 4*z + 460, -a = v. What are the prime factors of z?
2, 7, 11
Let c = 1455 - 2965. Let l be (c/(-15))/((-1)/(-3)). Suppose -4*t = -5*r + 376, -2*r - l = -6*r + 2*t. List the prime factors of r.
2, 19
Suppose -6 = -p - p. Suppose -5*m = -p*m + 4*x - 444, -4*x - 210 = -m. List the prime factors of m.
2, 109
Let a be (-4)/(-8) - ((-35)/10 - 2). Suppose 3*f + 2252 = -2*y + a*y, -4*f = -4*y + 2248. What are the prime factors of y?
2, 283
Let i be 93 + (-14 - (1 - 8)). Suppose -5008 = -i*c + 78*c. List the prime factors of c.
2, 313
Let d(s) = s**2 - s. Let j be d(-4). Suppose 26 - j = 3*y. Suppose 0 = 3*f - 4*r + 2*r - 442, y*f + 5*r = 320. List the prime factors of f.
2, 3, 5
Let f = 62 - 61. Let s = -19 - -20. List the prime factors of 748/4 - ((3 - s) + f).
2, 23
Let s = 290 - 170. Let g be 1/(s/(-352) + (-2)/(-8)). Let q(v) = v**2 + 1. What are the prime factors of q(g)?
2, 61
Let i = 12924 - 3683. What are the prime factors of i?
9241
Suppose -7*t + 21403 = 3*t + 2033. What are the prime factors of t?
13, 149
Suppose a = p - 5*p - 433, -2*p = 2*a + 218. Let o be (28/8)/((-6)/p). Suppose 2*u - 5*u = -o. What are the prime factors of u?
3, 7
Let m be (-32)/6*12525/(-50). Suppose 8*r = 1296 + m. What are the prime factors of r?
7, 47
Suppose -3*g = g + 4, -60 = -4*i + 4*g. Suppose 4*x = -5*q + 1826, 2 = -3*x + i. What are the prime factors of q?
2, 181
Let c be 2 - 9/(-15) - 6/(-15). Suppose -2*n + 5*o = -5, -29 = -c*n - 2*n - 4*o. What are the prime factors of (2 + (4 - n))/(3/501)?
167
Let b be 0*(-10 - -5 - -4). Suppose -c = -2*c + 1, -3*u + 2*c + 46 = b. List the prime factors of -2 + (u - -100 - (-2 + 0)).
2, 29
Suppose 0 = -2*w + w - 5*y - 15, w + y + 3 = 0. List the prime factors of -49*(-3 + (w - 2)).
5, 7
Let v(l) = -3*l**3 + l**2 - 4. Let p be v(-2). Suppose 14610 = p*q - 9030. What are the prime factors of q?
5, 197
Let q = 3058 - -124. What are the prime factors of q?
2, 37, 43
Suppose 0 = 2*z + 6*a - 7*a - 16, -3*z + 2*a + 24 = 0. What are the prime factors of (1 - (-3)/6*z) + 331?
2, 3, 7
Suppose -4*d - 2*c + 22 = 0, 6*d - 3*d - 16 = -2*c. Let h(l) = -20*l + 3. Let g(p) = 60*p - 10. Let w(v) = 6*g(v) + 17*h(v). List the prime factors of w(d).
3, 37
Let q = 10 - 3. Let x(m) = 3*m**2 - 9*m + 12. Let j be x(q). Suppose 0 = 3*z - 2*p - 56, 2*p = -5*z + 4*p + j. List the prime factors of z.
2, 5
Suppose -30198 = -9*c + 13372 + 62576. What are the prime factors of c?
2, 5897
Let g(t) be the first derivative of t**5/6 + 5*t**4/24 - t**3/3 + t**2 - 6. Let i(q) be the second derivative of g(q). List the prime factors of i(-3).
73
Let u = 3785 - 3168. List the prime factors of u.
617
Let a = -15 + -15. Let r be -5*6/a - (-3 + 0). Suppose r*p = 3*c + 667, -3*c + 6*c - 148 = -p. What are the prime factors of p?
163
Let s(r) = 3733*r + 165. List the prime factors of s(3).
2, 3, 947
Let f(t) be the second derivative of -2*t - 2*t**2 + 5/4*t**4 - 1/3*t**3 + 0. What are the prime factors of f(-2)?
2, 3, 5
Suppose 2*h + 433 - 3349 = -p, 0 = -5*p - 2*h + 14572. List the prime factors of p.
2, 31, 47
Suppose 0 = 6919*r - 6956*r + 960557. What are the prime factors of r?
13, 1997
Let i(c) be the third derivative of c**6/120 + c**5/10 - c**4/3 - 4*c**3/3 - 22*c**2. Let a be i(-7). What are the prime factors of (-20)/(-1 + a)*17?
2, 5, 17
Suppose 4*c = 3*x - 6*x + 20, 4 = -4*c + 3*x. Let m = -128 + 129. List the prime factors of c - 3 - 1*(-54)/m.
53
Let c = 111237 - 66207. What are the prime factors of c?
2, 3, 5, 19, 79
Let p = -471 + 832. List the prime factors of p.
19
Suppose 0 = -4*h + 1954 - 146. Let i = h - 313. List the prime factors of i.
139
Suppose 0 = b + 3*n - n - 11, 0 = -2*b + 4*n - 10. Suppose 3*l - 8 - 28 = 0. What are the prime factors of (6 - 18)*-37*b/l?
3, 37
Let f = -640 - -607. List the prime factors of (-1552)/(-3) - (-11)/f.
11, 47
Suppose 0 = 4*u - 5*u + 432. Suppose -z - u = -4*t, -3*t + 123 = 5*z - 178. List the prime factors of t.
107
Let t = -597 + 639. Suppose -69 = -4*m + 5*k, -t + 12 = -2*m + 4*k. What are the prime factors of m?
3, 7
Suppose -5*r + 10 = k + 4*k, -r = -3*k + 10. Let n(h) = -4*h + 11. Let j(o) = -o + 1. Let u(x) = k*j(x) - n(x). List the prime factors of u(12).
2
Let x(v) = v**2 - v - 1. Let z be x(3). Suppose -d + 159 = i, 2*i - 201 = -z*d + 126. What are the prime factors of i?
2, 3, 13
Suppose 0 = -3*x - 3*h - 6, -4*x + 20 = -2*h - 2. Suppose -2 = -j + x. Suppose t - 59 = j*y, -t + y = 4*y - 67. List the prime factors of t.
2
Let o(t) = -5*t**3 - 1. Let b(i) = i**3 + 2*i**2 + i + 1. Let m be b(-2). Let h be o(m). What are the prime factors of (h/(-14))/(1/(-287))?
2, 41
Let w(p) = -2*p**3 + 7*p**2 + 31*p + 68. What are the prime factors of w(-9)?
2, 907
Let d(n) = -9*n - 19. Let q be d(-6). Suppose v = -4*v + q. Suppose -150 = o - v*o. List the prime factors of o.
5
Let r = -75 + 78. Suppose -2*v - r*l = -968, -4*v + 1162 = 5*l - 772. List the prime factors of v.
13, 37
Suppose 33 = 78*s - 67*s. Suppose s*h - 2*f = 1722, -h + 0*h + 569 = f. List the prime factors of h.
2, 11, 13
Suppose 3*b - r + 119 = 0, 19 = -b - 5*r + 6. Let s = 42 + b. Suppose -4*j = -3*h + h - 60, 0 = -s*j + 5*h + 66. What are the prime factors of j?
2, 7
Suppose -5*g + b = -10, 0 = -3*g - b + 6*b + 6. Suppose 30 = 70*m - 810. What are the prime factors of -13*(1 + g)*(-4)/m?
13
Let g(p) = 3540*p**2 - 464*p + 22. What are the prime factors of g(5)?
2, 3, 4789
Suppose 3*a = f + 13363, 3*a + 4*f + 22267 = 8*a. What are the prime factors of a?
3, 5, 11
Let r = 14050 + -8337. What are the prime factors of r?
29, 197
Let p be 190/25 + -8 - 3381/(-15). Let g = p - 147. List the prime factors of g.
2, 3, 13
Let r(m) = 3*m**2 + 22*m - 109. Let t be r(10). Suppose 857 = 2*j + b, 0 = -j - 8*b + 4*b + t. List the prime factors of j.
431
Let u(m) = -m**3 - 8*m**2 + 4*m + 10. Let q be u(-4). Let z = -70 - q. Suppose 3*s - 30 - 279 = z. What are the prime factors of s?
103
Suppose -90 = 2*o + h + 4*h, 0 = -5*o + 5*h - 260. Let x = 52 + o. List the prime factors of 0/(3 + x) - -22.
2, 11
Suppose 0 = -5*k + 20, -2*l = -5*k + 575 + 461. Let s = 1040 + l. List the prime factors of s.
2, 7, 19
Suppose 2*t - 13 = -3*i, 0 = -3*t - 54*i + 52*i + 12. Suppose -2*g - 828 = -v + 513, t*g = -v + 1333. What are the prime factors of v?
7, 191
Let l(u) = -19*u**3 - u**2 - u + 3. Let n be l(2). Let y = n - -263. What are the prime factors of y?
2, 3
Let u(n) = -3*n**2 - 10*n + 49. Let b be u(4). Let c(i) = i**3 + 39*i**2 - 14*i - 70. List the prime factors of c(b).
2, 7, 17
Suppose -15*n + 95592 + 128403 = 0. Suppose -7*x - 5532 = -n. List the prime factors of x.
17, 79
Let a(g) be the second derivative of -g**5/20 - g**4/6 + g**3/3 - 2*g**2 + 2*g. Let q be (-16)/2 - (21 - 24). List the prime factors of a(q).
61
Suppose 64*t + 17312 = 67*t + 5*g, 5*t - 28849 = -4*g. What are the prime factors of t?
3, 641
Suppose 0 = -4*f - c + 47577, 0 = 3*f - 2*c - 48413 + 12722. What are the prime factors of f?
3, 5, 13, 61
Suppose -5*h - 5*b + 35 = 0, 90 - 30 = 4*h - 4*b. Suppose h*x - 9019 = 991. What are the prime factors of x?
2, 5, 7, 13
Suppose 2*t + 5*p = 22, 4*t + 0*p = 3*p + 18. Let w = t - 2. Suppose 4 = w*c, -b - c + 10 + 1 = 0. What are the prime factors of b?
2, 5
Let r be (12/15)/(3/(-30)*-4). Suppose 2*g + 2 = -3*n, 2 + r = 4*n - 4*g. Suppose -3*x + 2*s + 303 = 0, -4*x + 400 = -4*s - n*s. List the prime factors of x.
103
Let n be 10/(-4)*(-6 - -2). Suppose 67*k - 68*k + 1 = 3*l, 3*k + 3 = -3*l. List the prime factors of (7 + -34)/(k/n).
3, 5
Let k(t) = t - 8*t + 11 + 5*t**2 - 10 + 23 - 7*t. What are the prime factors of k(2)?
2
List the prime factors of 2419615/22*4/10.
29, 37, 41
Suppose 33*m - 11*m = 20746. Let s = m + -618. List the prime factors of s.
5, 13
Let d = 16335 + -6920. List the prime